2, 17
Let s(j) = 110*j**3 + 3*j - 2. List the prime factors of s(2).
2, 13, 17
Let n be ((-12)/(-15))/((-2)/(-70)). Let f = 30 - n. List the prime factors of f.
2
Let b = 460 - 1072. What are the prime factors of 3*-1 + b/(-18)?
31
Let u be (0 + -2)/(1/4). Let g(i) = 6*i + 78. Let z be g(-9). Let j = z - u. List the prime factors of j.
2
Suppose 3*y = -5*y + 280. Let r = 135 + y. List the prime factors of r.
2, 5, 17
Let c be (-18)/(-30) - 244/(-10). Suppose -22*a - 294 = -c*a. What are the prime factors of a?
2, 7
Let i(p) = 3*p - 10. Let f be i(12). Let u(l) = l + 11. Let w be u(-9). Suppose 46 = 5*m + 4*r - 28, f = 2*m - w*r. List the prime factors of m.
2, 7
Suppose -8*t + 341 = 3*t. Suppose 0 = 5*c + 3*v - 7 - 5, -4*v - 4 = 0. Suppose 5*l = -25, 0 = 5*k - c*k + l - t. What are the prime factors of k?
2, 3
Let t(f) = 0*f**2 - 373*f**3 + 372*f**3 - 3*f**2 - 7*f - 7. What are the prime factors of t(-6)?
11, 13
Let d(n) be the third derivative of n**5/12 + 5*n**4/24 - 2*n**3/3 + n**2 + 21*n. What are the prime factors of d(-8)?
2, 3, 23
Let b = -2 + 2. Suppose b = -5*k + 2*i + 3*i + 125, 3*i + 115 = 5*k. Let m = -7 + k. What are the prime factors of m?
13
Let k be 1/((-30)/(-33) - 1). Let h = k + 15. Suppose -h*y + 162 = 2*y. What are the prime factors of y?
3
Let s(a) = -2*a + 15*a**3 + 7 - 19*a**3 + a**2 - 4*a**2. List the prime factors of s(-3).
2, 47
Let a = 220 + 385. What are the prime factors of a?
5, 11
Suppose 8*b - 78 - 266 = 0. What are the prime factors of b?
43
Suppose 8*r + 421 = 2437. What are the prime factors of r?
2, 3, 7
Let n(f) = -7 + 4*f + 0 - 3*f - 3*f. Let u(y) = -2*y - 6. Let v(d) = 5*n(d) - 6*u(d). What are the prime factors of v(1)?
3
Let m(w) = w**3 + 7*w**2 + 8*w + 8. Let f be m(-6). Let g(c) = c**3 + 5*c**2 + 2*c - 6. Let i be g(f). What are the prime factors of (26 - i) + -2 - -1?
23
Suppose -2*a = a - 6. Suppose 5*t = -0*t - k + 39, -3*k - 2 = -a*t. What are the prime factors of t?
7
Let c(x) = 2*x**2 + 5*x. Let j be c(-5). Suppose -j = -d - 18. Suppose 14*y - 364 = d*y. What are the prime factors of y?
2, 13
Let o(v) = 10*v - 1. Suppose -5*r - 35 = -3*n, 6*r + 2 = -2*n + 3*r. Let m be ((-4)/10)/(n/(-25)). List the prime factors of o(m).
19
Suppose 2*n + 18 = -4. What are the prime factors of (-124)/10*(n + 1)?
2, 31
List the prime factors of (1300/7)/((-16)/(-112)).
2, 5, 13
Let d = -4 - -19. Suppose -4*k + d - 3 = 0. Suppose -4*h + 69 = 2*t + t, -k*t = 5*h - 87. List the prime factors of h.
2, 3
Suppose 4*g + 945 = 13*g. Suppose -7*y - g = -12*y. List the prime factors of y.
3, 7
Suppose 48 = -2*l - 2*k, -k - 74 = 3*l + k. Let m(b) = b**2 + 19*b + 83. List the prime factors of m(l).
5, 53
List the prime factors of -4 + 1 + 36057/51.
2, 11
Let q be ((-136)/36 - -4) + 7/9. List the prime factors of (1 - -7)/(((-3)/(-42))/q).
2, 7
List the prime factors of (-3003)/26*10/(-15).
7, 11
Suppose -m = -x - 295, -2*m + 3*x + 460 = -127. What are the prime factors of m?
2, 149
Let k(l) = -632*l - 205. What are the prime factors of k(-6)?
17, 211
Let a(l) = 13*l**3 - l**2 + 1. Let m = -15 + 14. Let p be a(m). What are the prime factors of p/(-26)*(1 + 13)?
7
Let l be ((-8)/6)/2*(-936)/16. What are the prime factors of -40 + l - 1*137/(-1)?
2, 17
Suppose b - 2*b + 5*o + 25 = 0, o = 5*b - 29. Suppose -619 = -4*k - b*l, -5*l = -5*k + 398 + 342. List the prime factors of k.
151
Let u(o) = -3*o + 24. Let l be u(10). List the prime factors of l/9 + (-394)/(-6).
5, 13
Let k(o) = -o**3 + 3*o**2 + 5*o - 5. Let q be k(4). Let l(c) = 12*c**3 + 3*c**3 - 7*c**2 - 33*c**3 + 8*c**2. What are the prime factors of l(q)?
19
Let a(v) = 58*v + 17. What are the prime factors of a(4)?
3, 83
Suppose 6*y - 10*y = -156. Suppose 3*b = -2*d - 0*b + 45, -5*b - y = -3*d. List the prime factors of d.
2, 3
List the prime factors of (-6)/(4 - 10 - -5).
2, 3
Let b = -24 - -32. Let j = 14 + b. List the prime factors of j.
2, 11
Let b(c) = -c**3 - 5*c + 7*c + 8*c + 0*c**3 + 3 + c**2. List the prime factors of b(-4).
43
What are the prime factors of 23/(621/6) + 12290/18?
683
Let r = -8 + 11. Suppose -4*f + r*f - 56 = 0. Let k = f + 100. List the prime factors of k.
2, 11
Let y(a) = -a**3 + 14*a**2 + 7. Let w be y(14). Suppose -w*t = -0*t - 805. List the prime factors of t.
5, 23
Let g(n) = 13 - 7 - n**3 + 11*n + 0*n**3 + 18 + 12*n**2. What are the prime factors of g(12)?
2, 3, 13
Let s = -285 - -133. Let h = 269 + s. List the prime factors of h.
3, 13
Suppose -12 = -3*l, 4*w + 23*l = 20*l + 7256. List the prime factors of w.
1811
Let s(w) be the first derivative of 2 - 15/2*w**2 + 4*w. List the prime factors of s(-3).
7
Suppose 2673 + 1142 = 7*g. What are the prime factors of g?
5, 109
Suppose -2*f = 3*l - 8263, -3*l + 34*f = 39*f - 8260. What are the prime factors of l?
5, 19, 29
Let i = 1346 - 928. List the prime factors of i.
2, 11, 19
Let p(b) = -2*b**2 - 33*b - 4. List the prime factors of p(-12).
2, 13
Let g(o) = -3*o - 12. Let i be g(-9). Let k = 61 - i. Suppose -2*s + k = -5*h - 8, 2*h = -2*s + 26. List the prime factors of s.
17
Let y(q) = -q**2 - 50*q + 537. List the prime factors of y(0).
3, 179
Let q = 186 + -125. Let k = q + 70. List the prime factors of k.
131
Suppose -25*q + 35*q - 3410 = 0. What are the prime factors of q?
11, 31
Let x(i) = -i**3 - 8*i**2 + 6*i - 22. Let g be x(-9). Suppose 0 = -3*p + g*a + 592, -2*a + 557 = 3*p - 0*a. List the prime factors of p.
3, 7
Suppose -13*y - 144 = -y. Let o(x) = -x**2 - 16*x - 12. What are the prime factors of o(y)?
2, 3
Let m(h) = h**3 + 16*h**2 - h + 39. List the prime factors of m(-13).
13, 43
Let r be -1 + -8 + 1 - -4. List the prime factors of (-12033)/(-117) + r/(-26).
103
Let s(a) = 0*a**2 + 0*a + 0*a + 18 + a**2. Let o(w) = w - 3. Let g be o(3). What are the prime factors of s(g)?
2, 3
Let y be 2/(-15) - (-154)/30. Suppose -y*f = -7*f. Suppose -3*u + 6 + 99 = f. What are the prime factors of u?
5, 7
Let j be (-10268)/(-60) - (-6)/(-45). Suppose 3*c = 4*h - 255, 4*h - 78 - j = 5*c. List the prime factors of h.
2, 3, 11
Let b(h) = -3*h**3 - 4*h**2 - 3*h + 4. List the prime factors of b(-2).
2, 3
Let c = 415 - 187. List the prime factors of c.
2, 3, 19
Suppose 2*l - 28 = -2*z, 6*l - 28 = 4*l + 3*z. Let t = -10 + l. Suppose -q + w - 3 = -2*q, -t*q + 5*w + 21 = 0. What are the prime factors of q?
2
Let u(n) = -15*n - 114. Let v be u(-5). Let p = -105 + 168. Let d = p + v. What are the prime factors of d?
2, 3
Suppose -5*v + 36 = -v. Suppose 188 = 13*p - v*p. What are the prime factors of p?
47
Let g = 29 - -165. Suppose 0 = -2*q - 66 + g. What are the prime factors of q?
2
Let k(v) be the third derivative of -v**6/120 + v**5/10 - v**4/12 - 2*v**2 - 1. Suppose -4*o + 31 = 5*c, 0*c - 5*c + 27 = 3*o. List the prime factors of k(c).
3, 7
Suppose 1161 = -119*q + 120*q. List the prime factors of q.
3, 43
Suppose 162 = 2*r + 7*r. Let b = -14 + r. What are the prime factors of b?
2
Let n = 121 - 119. Suppose 0 = -3*u + 4*d + 487, -d - 174 = -u - n*d. List the prime factors of u.
13
Suppose -p = k + k + 44, -p = -3*k + 39. Suppose -4*x + 165 = -91. Let m = x + p. What are the prime factors of m?
2, 11
Suppose 4*c - 4*p - 28 = 0, -5*c = 2*p + 2*p - 17. Suppose c*q + 2112 = 13*q. List the prime factors of q.
2, 3, 11
Let a be 22 + 4/8*-6. Suppose 0 = -d + a - 5. Suppose 2*s = 8 + d. What are the prime factors of s?
11
Let m(g) = 15*g - 15. Let b = -17 - -23. What are the prime factors of m(b)?
3, 5
List the prime factors of (477/27)/(2/36).
2, 3, 53
Let v(k) = k**2 - 5*k - 15. Let g = -19 + 28. List the prime factors of v(g).
3, 7
Let u(m) = m**2 + 4*m - 2. Suppose 5*f - 20 = 0, d + f - 2 = 8. Let b = -11 + d. List the prime factors of u(b).
3
Let d(t) = -t**3 + 12*t**2 + 17*t + 16. List the prime factors of d(13).
2, 17
List the prime factors of (-348)/(-1) + (-6)/15*5.
2, 173
Let n(c) = -c**2 + 8*c + 8. Let w be n(8). Let p(z) = z - 17. Let s be p(w). List the prime factors of s/(27/(-132)) + 3.
47
What are the prime factors of (429132/(-88))/((-6)/4)?
3251
Let u = -41 + 212. What are the prime factors of (-14)/3*(u/(-6) + 0)?
7, 19
Suppose -1600 - 3760 = -5*k. What are the prime factors of k?
2, 67
Let j(d) = 5*d - 1. Let b be j(1). Suppose 3*u - b*u = -3. Let p(c) = 3*c**2 - 5*c + 2. What are th